ds digit of 6621?
6
What is the tens digit of 2390?
9
What is the thousands digit of 11184?
1
What is the units digit of 17199?
9
What is the units digit of 23886?
6
What is the tens digit of 22830?
3
What is the hundreds digit of 773?
7
What is the tens digit of 461?
6
What is the units digit of 7127?
7
What is the tens digit of 24353?
5
What is the units digit of 1540?
0
What is the tens digit of 622?
2
What is the units digit of 94609?
9
What is the thousands digit of 92623?
2
What is the units digit of 12382?
2
What is the units digit of 61636?
6
What is the units digit of 1986?
6
What is the tens digit of 42842?
4
What is the units digit of 61092?
2
What is the tens digit of 575?
7
What is the tens digit of 5919?
1
What is the thousands digit of 48160?
8
What is the units digit of 2342?
2
What is the units digit of 324?
4
What is the tens digit of 4694?
9
What is the ten thousands digit of 18552?
1
What is the hundreds digit of 363?
3
What is the thousands digit of 1530?
1
What is the thousands digit of 3092?
3
What is the tens digit of 924?
2
What is the tens digit of 97948?
4
What is the hundreds digit of 21312?
3
What is the tens digit of 16352?
5
What is the tens digit of 430?
3
What is the units digit of 128434?
4
What is the tens digit of 2528?
2
What is the thousands digit of 1573?
1
What is the units digit of 456?
6
What is the tens digit of 669?
6
What is the units digit of 14083?
3
What is the thousands digit of 2188?
2
What is the thousands digit of 12525?
2
What is the tens digit of 779?
7
What is the hundreds digit of 3079?
0
What is the thousands digit of 4274?
4
What is the tens digit of 20969?
6
What is the units digit of 3649?
9
What is the thousands digit of 3053?
3
What is the hundreds digit of 632?
6
What is the thousands digit of 9136?
9
What is the units digit of 247?
7
What is the units digit of 2112?
2
What is the thousands digit of 34285?
4
What is the tens digit of 379?
7
What is the hundreds digit of 544?
5
What is the units digit of 8798?
8
What is the tens digit of 842?
4
What is the hundreds digit of 147683?
6
What is the hundreds digit of 8029?
0
What is the tens digit of 96?
9
What is the tens digit of 60985?
8
What is the hundreds digit of 33801?
8
What is the tens digit of 283?
8
What is the units digit of 46303?
3
What is the hundreds digit of 1511?
5
What is the thousands digit of 4828?
4
What is the tens digit of 138161?
6
What is the thousands digit of 2459?
2
What is the tens digit of 1246?
4
What is the thousands digit of 9493?
9
What is the hundreds digit of 1113?
1
What is the thousands digit of 109922?
9
What is the tens digit of 24780?
8
What is the hundreds digit of 48710?
7
What is the ten thousands digit of 75914?
7
What is the units digit of 2062?
2
What is the ten thousands digit of 171907?
7
What is the hundreds digit of 10042?
0
What is the units digit of 11659?
9
What is the tens digit of 2332?
3
What is the units digit of 575?
5
What is the tens digit of 106172?
7
What is the tens digit of 22388?
8
What is the tens digit of 24?
2
What is the hundreds digit of 8503?
5
What is the thousands digit of 37724?
7
What is the units digit of 418?
8
What is the tens digit of 69773?
7
What is the hundreds digit of 3047?
0
What is the thousands digit of 4976?
4
What is the tens digit of 2043?
4
What is the units digit of 71382?
2
What is the tens digit of 2135?
3
What is the units digit of 406?
6
What is the units digit of 2249?
9
What is the thousands digit of 4029?
4
What is the thousands digit of 30020?
0
What is the units digit of 52458?
8
What is the ten thousands digit of 26999?
2
What is the tens digit of 5385?
8
What is the thousands digit of 63393?
3
What is the thousands digit of 4637?
4
What is the hundreds digit of 1273?
2
What is the thousands digit of 8908?
8
What is the hundreds digit of 426?
4
What is the ten thousands digit of 18955?
1
What is the ten thousands digit of 55472?
5
What is the ten thousands digit of 56703?
5
What is the ten thousands digit of 17018?
1
What is the tens digit of 1702?
0
What is the thousands digit of 1910?
1
What is the units digit of 616?
6
What is the thousands digit of 32356?
2
What is the thousands digit of 30033?
0
What is the thousands digit of 6195?
6
What is the thousands digit of 23387?
3
What is the units digit of 5418?
8
What is the thousands digit of 5035?
5
What is the ten thousands digit of 10167?
1
What is the tens digit of 169?
6
What is the thousands digit of 5615?
5
What is the hundreds digit of 10871?
8
What is the units digit of 4345?
5
What is the ten thousands digit of 29888?
2
What is the hundreds digit of 12003?
0
What is the hundreds digit of 114664?
6
What is the thousands digit of 83784?
3
What is the units digit of 1412?
2
What is the hundreds digit of 88487?
4
What is the hundreds digit of 6956?
9
What is the units digit of 897?
7
What is the units digit of 4169?
9
What is the tens digit of 1024?
2
What is the hundreds digit of 659?
6
What is the hundreds digit of 1269?
2
What is the thousands digit of 4005?
4
What is the units digit of 3147?
7
What is the hundreds digit of 3868?
8
What is the units digit of 226?
6
What is the tens digit of 39998?
9
What is the tens digit of 550?
5
What is the ten thousands digit of 11722?
1
What is the thousands digit of 3780?
3
What is the thousands digit of 11475?
1
What is the units digit of 1303?
3
What is the tens digit of 42906?
0
What is the thousands digit of 1734?
1
What is the hundreds digit of 1740?
7
What is the thousands digit of 123788?
3
What is the tens digit of 8214?
1
What is the thousands digit of 1490?
1
What is the hundreds digit of 7339?
3
What is the ten thousands digit of 15274?
1
What is the hundreds digit of 4666?
6
What is the tens digit of 20?
2
What is the hundreds digit of 136685?
6
What is the hundreds digit of 412?
4
What is the units digit of 91960?
0
What is the units digit of 2?
2
What is the ten thousands digit of 11364?
1
What is the ten thousands digit of 13255?
1
What is the hundreds digit of 6942?
9
What is the hundreds digit of 527?
5
What is the ten thousands digit of 68669?
6
What is the hundreds digit of 427?
4
What is the hundreds digit of 235?
2
What is the ten thousands digit of 47304?
4
What is the units digit of 14337?
7
What is the thousands digit of 6427?
6
What is the tens digit of 12084?
8
What is the units digit of 8464?
4
What is the thousands digit of 4880?
4
What is the units digit of 141?
1
What is the units digit of 34632?
2
What is the thousands digit of 2243?
2
What is the hundreds digit of 1298?
2
What is the tens digit of 9086?
8
What is the tens digit of 208?
0
What is the hundred thousands digit of 156213?
1
What is the thousands digit of 1018?
1
What is the thousands digit of 10844?
0
What is the thousands digit of 47967?
7
What is the tens digit of 72?
7
What is the units digit of 2337?
7
What is the thousands digit of 52927?
2
What is the ten thousands digit of 94042?
9
What is the tens digit of 1419?
1
What is the hundreds digit of 143874?
8
What is the thousands digit of 1258?
1
What is the thousands digit of 20870?
0
What is the ten thousands digit of 15897?
1
What is the hundreds digit of 103704?
7
What is the ten thousands digit of 12663?
1
What is the units digit of 1013?
3
What is the hundreds digit of 57211?
2
What is the tens digit of 18540?
4
What is the thousands digit of 2000?
2
What is the tens digit of 37795?
9
What is the units digit of 11?
1
What is the hundreds digit of 1688?
6
What is the ten thousands digit of 16580?
1
What is the ten thousands digit of 54066?
5
What is the thousands digit of 9490?
9
What is the units digit of 53333?
3
What is the thousands digit of 2858?
2
What is the units digit of 21215?
5
What is the thousands digit of 38370?
8
What is the hundreds digit of 20775?
7
What is the units digit of 7480?
0
What is the hundreds digit of 4269?
2
What is the tens digit of 58654?
5
What is the thousands digit of 1122?
1
What is the units digit of 677?
7
What is the hundreds digit of 563?
5
What is the units digit of 3105?
5
What is the tens digit of 4789?
8
What is the tens digit of 16865?
6
What is the units digit of 1234?
4
What is the hundreds digit of 27644?
6
What is the hundreds digi